 -12700. List the prime factors of r.
5, 127
Suppose 130111 + 25822 = 29*m. What are the prime factors of m?
19, 283
Let u(i) = 3*i**3 + 4*i**2 - 2*i - 1. Let k = -22 - 12. Let p = 36 + k. What are the prime factors of u(p)?
5, 7
Let g = -2 - 10. Let c be 6/g + 13/2. Suppose -c*w + 240 = -w. What are the prime factors of w?
2, 3
Suppose 5*s + 41 = 6. Let z(l) = 8*l**2 - l - 2*l + l**3 + 6*l - 2. What are the prime factors of z(s)?
2, 13
Let d(m) = -75*m - 13. What are the prime factors of d(-4)?
7, 41
Let y = 817 + -402. List the prime factors of y.
5, 83
Let h(k) = k**2 - 7*k + 12. Let r be h(5). Suppose -2*s = -46 - 2. Let p = r + s. List the prime factors of p.
2, 13
Suppose 3*x + 21 = 15. List the prime factors of -14*(x/(-4))/(-1).
7
Let n be ((-2)/(-3))/((-12)/(-306)). Suppose 0 = -2*c - 3*w - n, -c + 11 = -3*c - w. List the prime factors of (8 + c)*11/2.
2, 11
List the prime factors of (-195)/234 + (0 - (-4595)/6).
3, 5, 17
Suppose -1 = 5*i + 9. Let w be (-5 - i) + 3*9. Let n = -12 + w. List the prime factors of n.
2, 3
Let a be 1 + ((-24)/(-3) - 5). Suppose a*m = -2*m + 414. List the prime factors of m.
3, 23
Suppose 0 = 2*l - t + 2*t - 3573, 2*l - 3603 = 5*t. List the prime factors of l.
1789
Let u(q) = 3*q - 5*q**2 + q + q**3 - 10 + q + 0*q. Suppose 0 = 2*b - 3 - 7. List the prime factors of u(b).
3, 5
Suppose -5*f + 15 = -5*j, -2*f - j = j - 18. Let o = f + -3. Suppose -2*g = i + o*g - 10, -2*i = -g - 75. What are the prime factors of i?
5, 7
Let c = -88 + 124. Suppose 3*f - c - 132 = -2*v, 3*v - 246 = -3*f. List the prime factors of v.
2, 3, 13
Let l(d) = d - 2. Let q be l(-13). Let g = q + 42. Let m = 85 - g. List the prime factors of m.
2, 29
Let f = 992 - 398. What are the prime factors of 45/18*(-1 - f/(-10))?
2, 73
Suppose g - 78 = 3*n + 159, 0 = 2*g - 2*n - 458. What are the prime factors of g?
3, 5
Suppose 0 = 15*v + 16*v - 15655. What are the prime factors of v?
5, 101
Suppose d - 4*p = -25, 0*p + 24 = -3*d - 5*p. Let o = 110 + d. List the prime factors of o.
97
What are the prime factors of 135915/328 + (-6)/16?
2, 3, 23
Suppose 5*p - 5*q - 55 = 0, 5 = -3*p + 4*p - 3*q. Suppose -243 = -p*f + 11*f. What are the prime factors of f?
3
Let g(x) = -91*x + 10. What are the prime factors of g(-5)?
3, 5, 31
Let y(c) = -c**3 + 16*c**2 - 2*c + 31. Let o be y(16). List the prime factors of ((-2546)/16)/o + 33/(-264).
3, 53
Let v(s) = 13*s**3 + 4*s**2 + 3*s. Let g be v(-2). Let q = g - -159. What are the prime factors of q?
5, 13
Let w = -18 - -20. Suppose -4*u - 3*m + 240 = 0, -4*m - 120 = -2*u - w*m. Suppose -z = -5*z + u. List the prime factors of z.
3, 5
Let q = -3 - -7. Suppose 0 = -12*t + 14*t - 8. Suppose -3*w + 135 = q*g, -t*g - 4*w = -47 - 93. What are the prime factors of g?
2, 3, 5
Suppose 5*i + 3*p - 1066 = 2*p, 0 = 3*i + 2*p - 634. List the prime factors of i.
2, 107
Let i(b) = -4*b**3 + 12*b**2 + 10*b + 8. Let v(g) = 3*g**3 - 12*g**2 - 9*g - 7. Let u(n) = -4*i(n) - 5*v(n). List the prime factors of u(-9).
3, 67
Let n(q) = 2*q + 10. Let r be ((4 - 5) + 1)/1. Let y be n(r). List the prime factors of (-10)/(2 - y/4).
2, 5
Suppose 2*v = -2*v + 24. Let x be 2/v*36/(-4). List the prime factors of ((-50)/(-6))/(x/(-9)).
5
Suppose 1875 = 2*m - u, -551 - 1329 = -2*m - 4*u. List the prime factors of m.
2, 7, 67
Let i(f) = f**2 + 20*f + 2137. What are the prime factors of i(0)?
2137
Let r = -311 + 538. List the prime factors of r.
227
Let r(x) = 2*x**2 - 3*x - 23. Let n be r(-7). Suppose -n*f - 434 = -98*f. List the prime factors of f.
7, 31
Suppose -19*c = -15*c + 8. Let t(g) = -38*g + 4. List the prime factors of t(c).
2, 5
Let l(a) = 6*a**2 - 16*a + 48. List the prime factors of l(12).
2, 3, 5
Suppose 61*j - 9152 = -3*j. List the prime factors of j.
11, 13
Suppose 12 = -4*d + 4. Let s = d - -65. Suppose g = -5*k + s, 2*g - 6*g + 4*k + 180 = 0. List the prime factors of g.
2, 3
Let b = 2791 + 313. What are the prime factors of b?
2, 97
Suppose -2*i = h - 1042, 3138 = 3*h - 0*i + 3*i. List the prime factors of h.
2, 3, 5, 7
Suppose 59381 = -12*o + 29*o. List the prime factors of o.
7, 499
Suppose -6 = -4*w + 3*w - 4*o, -12 = -2*w + 4*o. Suppose 0 = w*d - 1249 + 211. List the prime factors of d.
173
Let v(x) = -x**3 + 30*x**2 - 27*x + 54. List the prime factors of v(29).
2, 7
Suppose -978 = -2*o - 4*p, 44*o - p + 1956 = 48*o. What are the prime factors of o?
3, 163
Let n(z) = z**2 - 35*z - 51. What are the prime factors of n(39)?
3, 5, 7
Suppose q - 2 = -5. Let g be -1 + 6/q + 8. Suppose -g*s - 24 = -104. What are the prime factors of s?
2
Let b(u) = -u**2 + 4*u + 1. Let w be b(3). Suppose w*f = -32 + 88. What are the prime factors of (2 - -2)*-1 + f?
2, 5
List the prime factors of (-18618)/(-21) + 136/(-238).
2, 443
Let c be (-2952)/(-14) + (-6)/(-42). Suppose 5*p = -2*m + c, -p - m + 44 + 0 = 0. What are the prime factors of p?
41
Suppose -127 = -5*n - 7. Let t = 62 + n. Suppose -32 = s - t. What are the prime factors of s?
2, 3
Suppose 4*m - 4*r = 296, -5*m + 5*r = -4*m - 62. List the prime factors of m.
7, 11
Let r = 4 + -3. Let k(p) = 4*p - 17. Let h be k(14). Let s = h + r. What are the prime factors of s?
2, 5
List the prime factors of 211 + -8 - 30/5.
197
Suppose -2*t - 77 = 3*z, -z + 0*z + 2*t - 39 = 0. Let s = 84 + z. What are the prime factors of s?
5, 11
Let k = 71 + -48. Suppose 3*t - 4*q - k = 0, 4*t = t + q + 8. List the prime factors of (-1*(1 - 19))/t.
2, 3
Let f = -240 + 735. Suppose 10*l = 115 + f. List the prime factors of l.
61
Suppose 4*p = b - 775, 5*b + 6*p - 5*p - 3980 = 0. List the prime factors of b.
3, 5, 53
Suppose 0 = -2*c + 7*c + 10. Let a(n) = -5*n**3 - 3*n**2 - 3*n + 1. List the prime factors of a(c).
5, 7
Let d(w) = -3*w**3 + 3*w**2 - 3*w + 49. Let r(c) = c**3 - c**2 + c. Let h(n) = d(n) + 4*r(n). List the prime factors of h(0).
7
Suppose 3*g + 8856 = -11*a + 15*a, -5*a + 11070 = 5*g. What are the prime factors of a?
2, 3, 41
Let w = -9202 + 14170. What are the prime factors of w?
2, 3, 23
Let v(g) = -73*g + 47. List the prime factors of v(-4).
3, 113
Let n = -18 - -22. Let l = 8 - n. Suppose -4 - 132 = -l*q. List the prime factors of q.
2, 17
Let n(i) = -i**3 - 9*i**2 - 10*i - 12. Let t be n(-8). Let a be (-21)/(-5) + t/(-20). Suppose -c - c + 3*w = -36, -2*w = a. What are the prime factors of c?
3, 5
Let j = 692 + 2554. List the prime factors of j.
2, 3, 541
List the prime factors of 1 + 1/1 + (1300 - 7).
5, 7, 37
Let l(z) = 28*z**3 + 2*z**2 - z. Let o be l(1). Suppose u + 0*u = -5*w + 20, w = 2*u - o. Let p = u + 8. List the prime factors of p.
23
List the prime factors of (68289/(-515))/((-2)/(4*5)).
2, 3, 13, 17
Let t be 2 - (0 - -1)*-2. Suppose 2*y + 256 = 3*f, -t*y - 248 = 2*f - 5*f. What are the prime factors of f?
2, 11
Suppose 786*f - 81160 = 766*f. What are the prime factors of f?
2, 2029
Suppose -o + 435 = 4*z - 699, -2*z + 4578 = 4*o. What are the prime factors of o?
2, 3, 191
Let k(w) = -8*w - 2. Let q(b) = -b. Let v(y) = k(y) - 5*q(y). Let t be v(-2). Suppose 0 = 3*u - t*n, 3 = -n + 6. List the prime factors of u.
2
Let x = 1387 + -956. What are the prime factors of x?
431
Let t be (-1)/((-12)/(-15) + -1). Let q be -1 + 2 - 15/t. List the prime factors of 44 + 2/(q + 0).
43
Let g be 1*(-4)/10*-5. Suppose 0 = -3*o - 4*v + 27, -2*o + 10 + 8 = g*v. What are the prime factors of (4/(-3))/((-6)/o)?
2
Let s(d) = 5*d**2 - d - 7. Let k(f) = 4*f**2 - 2*f - 6. Let t(i) = 4*k(i) - 3*s(i). List the prime factors of t(-5).
47
Suppose -8*p + 806 = -7*p + 4*z, 0 = 4*z. List the prime factors of p.
2, 13, 31
Let x = 3 - -16. Let k = x - -15. What are the prime factors of k?
2, 17
Let c be (-2)/4*0 - 0/(-21). Suppose c = -0*a - 2*a + 256. List the prime factors of a.
2
Suppose -2*k = q + 6, 5*q + 3*k = -0*k - 9. Suppose q = -4*x - 4*v + 148, -3*x + 4*x + 5*v = 33. List the prime factors of x.
2, 19
Let j(c) = c**2 - 3*c + 8. Let f be j(4). Let m(s) = -5 + f + s - 4 - 4*s. List the prime factors of m(-3).
2, 3
Suppose 0*f + f = 115. Suppose 78*u - 85*u = 539. Let s = u + f. List the prime factors of s.
2, 19
Suppose 16 = k - 2*d, 5*d = 4*k + 3*d - 64. Let q = k + -14. Suppose 0 = 2*g + 2*s + 6 - 16, q*g - 13 = s. What are the prime factors of g?
2, 3
Suppose -5*r = 0, 45 = -3*i - r + 231. Let z b